9 is divided by 9?
8
Calculate the remainder when 841 is divided by 104.
9
What is the remainder when 567 is divided by 215?
137
Calculate the remainder when 1044 is divided by 513.
18
Calculate the remainder when 70 is divided by 42.
28
Calculate the remainder when 166 is divided by 111.
55
Calculate the remainder when 69 is divided by 8.
5
What is the remainder when 65 is divided by 4?
1
Calculate the remainder when 580 is divided by 22.
8
Calculate the remainder when 1816 is divided by 101.
99
What is the remainder when 96 is divided by 10?
6
Calculate the remainder when 237 is divided by 10.
7
Calculate the remainder when 616 is divided by 300.
16
What is the remainder when 3826 is divided by 1275?
1
Calculate the remainder when 30209 is divided by 19.
18
Calculate the remainder when 276 is divided by 31.
28
What is the remainder when 120 is divided by 25?
20
What is the remainder when 385 is divided by 6?
1
Calculate the remainder when 56 is divided by 5.
1
What is the remainder when 728 is divided by 32?
24
What is the remainder when 19 is divided by 6?
1
What is the remainder when 1025 is divided by 321?
62
What is the remainder when 491 is divided by 143?
62
What is the remainder when 676 is divided by 22?
16
Calculate the remainder when 4568 is divided by 18.
14
What is the remainder when 777 is divided by 22?
7
Calculate the remainder when 269 is divided by 91.
87
What is the remainder when 46 is divided by 19?
8
What is the remainder when 287 is divided by 23?
11
Calculate the remainder when 554 is divided by 5.
4
Calculate the remainder when 102 is divided by 54.
48
What is the remainder when 324 is divided by 53?
6
What is the remainder when 2126 is divided by 359?
331
Calculate the remainder when 1027 is divided by 147.
145
What is the remainder when 2059 is divided by 408?
19
What is the remainder when 337 is divided by 13?
12
Calculate the remainder when 2033 is divided by 107.
0
What is the remainder when 103 is divided by 8?
7
Calculate the remainder when 2000 is divided by 26.
24
What is the remainder when 590 is divided by 28?
2
What is the remainder when 272 is divided by 192?
80
What is the remainder when 359 is divided by 180?
179
Calculate the remainder when 149 is divided by 25.
24
Calculate the remainder when 1741 is divided by 867.
7
What is the remainder when 532 is divided by 153?
73
What is the remainder when 15 is divided by 7?
1
What is the remainder when 76 is divided by 37?
2
What is the remainder when 1689 is divided by 186?
15
What is the remainder when 1319 is divided by 24?
23
What is the remainder when 53 is divided by 22?
9
What is the remainder when 51 is divided by 21?
9
Calculate the remainder when 1595 is divided by 94.
91
Calculate the remainder when 1847 is divided by 21.
20
What is the remainder when 233 is divided by 9?
8
Calculate the remainder when 162 is divided by 53.
3
Calculate the remainder when 15 is divided by 4.
3
Calculate the remainder when 1726 is divided by 91.
88
What is the remainder when 781 is divided by 163?
129
What is the remainder when 2279 is divided by 95?
94
What is the remainder when 1101 is divided by 171?
75
Calculate the remainder when 1235 is divided by 612.
11
What is the remainder when 1252 is divided by 392?
76
Calculate the remainder when 238 is divided by 8.
6
What is the remainder when 356 is divided by 59?
2
Calculate the remainder when 46 is divided by 29.
17
What is the remainder when 689 is divided by 138?
137
Calculate the remainder when 918 is divided by 393.
132
Calculate the remainder when 1585 is divided by 521.
22
What is the remainder when 1202 is divided by 7?
5
What is the remainder when 7106 is divided by 2362?
20
What is the remainder when 231 is divided by 60?
51
Calculate the remainder when 154 is divided by 50.
4
Calculate the remainder when 2233 is divided by 319.
0
What is the remainder when 656 is divided by 15?
11
Calculate the remainder when 227 is divided by 47.
39
What is the remainder when 501 is divided by 97?
16
What is the remainder when 34 is divided by 34?
0
What is the remainder when 116 is divided by 36?
8
What is the remainder when 65 is divided by 49?
16
Calculate the remainder when 1125 is divided by 23.
21
Calculate the remainder when 9479 is divided by 79.
78
What is the remainder when 406 is divided by 34?
32
What is the remainder when 11450 is divided by 14?
12
Calculate the remainder when 297 is divided by 23.
21
What is the remainder when 78 is divided by 3?
0
Calculate the remainder when 364 is divided by 29.
16
Calculate the remainder when 2702 is divided by 22.
18
What is the remainder when 44 is divided by 38?
6
What is the remainder when 589 is divided by 17?
11
What is the remainder when 260 is divided by 11?
7
Calculate the remainder when 23126 is divided by 118.
116
Calculate the remainder when 26 is divided by 10.
6
Calculate the remainder when 59 is divided by 41.
18
What is the remainder when 316 is divided by 7?
1
What is the remainder when 167 is divided by 9?
5
What is the remainder when 309 is divided by 300?
9
What is the remainder when 1149 is divided by 237?
201
What is the remainder when 168 is divided by 22?
14
What is the remainder when 37 is divided by 20?
17
Calculate the remainder when 358 is divided by 40.
38
What is the remainder when 258 is divided by 40?
18
Calculate the remainder when 312 is divided by 82.
66
What is the remainder when 189 is divided by 99?
90
Calculate the remainder when 2491 is divided by 28.
27
Calculate the remainder when 64 is divided by 26.
12
Calculate the remainder when 2156 is divided by 17.
14
Calculate the remainder when 63 is divided by 20.
3
What is the remainder when 138 is divided by 10?
8
Calculate the remainder when 2570 is divided by 197.
9
What is the remainder when 1231 is divided by 404?
19
Calculate the remainder when 637 is divided by 46.
39
What is the remainder when 27103 is divided by 195?
193
What is the remainder when 111 is divided by 39?
33
Calculate the remainder when 330 is divided by 159.
12
Calculate the remainder when 200 is divided by 45.
20
What is the remainder when 32 is divided by 11?
10
Calculate the remainder when 621 is divided by 307.
7
What is the remainder when 238 is divided by 20?
18
Calculate the remainder when 210 is divided by 53.
51
What is the remainder when 667 is divided by 56?
51
What is the remainder when 332 is divided by 18?
8
Calculate the remainder when 38827 is divided by 55.
52
Calculate the remainder when 2125 is divided by 112.
109
What is the remainder when 326 is divided by 105?
11
Calculate the remainder when 170 is divided by 57.
56
Calculate the remainder when 1590 is divided by 11.
6
What is the remainder when 30177 is divided by 12?
9
Calculate the remainder when 96 is divided by 14.
12
What is the remainder when 202 is divided by 112?
90
What is the remainder when 266 is divided by 130?
6
Calculate the remainder when 86 is divided by 4.
2
Calculate the remainder when 95 is divided by 4.
3
Calculate the remainder when 81 is divided by 21.
18
Calculate the remainder when 958 is divided by 138.
130
What is the remainder when 1116 is divided by 372?
0
What is the remainder when 1186 is divided by 23?
13
What is the remainder when 7116 is divided by 75?
66
Calculate the remainder when 2646 is divided by 179.
140
Calculate the remainder when 304 is divided by 18.
16
Calculate the remainder when 112 is divided by 38.
36
Calculate the remainder when 472 is divided by 112.
24
Calculate the remainder when 90 is divided by 86.
4
Calculate the remainder when 198 is divided by 63.
9
What is the remainder when 189 is divided by 10?
9
What is the remainder when 137 is divided by 43?
8
Calculate the remainder when 1051 is divided by 36.
7
Calculate the remainder when 2078 is divided by 87.
77
Calculate the remainder when 47 is divided by 7.
5
Calculate the remainder when 332 is divided by 35.
17
What is the remainder when 2459 is divided by 145?
139
What is the remainder when 1549 is divided by 15?
4
What is the remainder when 144 is divided by 49?
46
Calculate the remainder when 75 is divided by 39.
36
Calculate the remainder when 70 is divided by 11.
4
What is the remainder when 371 is divided by 34?
31
What is 